{"id":16,"date":"2019-02-23T17:47:36","date_gmt":"2019-02-23T17:47:36","guid":{"rendered":"https:\/\/www.gruasymantenimientos.com\/site\/?page_id=16"},"modified":"2019-10-30T12:11:18","modified_gmt":"2019-10-30T19:11:18","slug":"inicio","status":"publish","type":"page","link":"https:\/\/www.gruasymantenimientos.com\/","title":{"rendered":"Inicio"},"content":{"rendered":"<p>[et_pb_section fb_built=\u00bb1&#8243; module_id=\u00bbinicio\u00bb _builder_version=\u00bb3.22&#8243; parallax=\u00bbon\u00bb parallax_method=\u00bboff\u00bb custom_margin_tablet=\u00bb\u00bb custom_margin_phone=\u00bb\u00bb custom_margin_last_edited=\u00bbon|phone\u00bb custom_padding=\u00bb0||0||true|false\u00bb top_divider_color=\u00bb#2b87da\u00bb][et_pb_row _builder_version=\u00bb3.25&#8243; width=\u00bb100%\u00bb max_width=\u00bb100%\u00bb custom_padding=\u00bb0|0px|0|0px|false|false\u00bb use_custom_width=\u00bbon\u00bb width_unit=\u00bboff\u00bb custom_width_percent=\u00bb100%\u00bb][et_pb_column type=\u00bb4_4&#8243; _builder_version=\u00bb3.25&#8243; custom_padding=\u00bb|||\u00bb custom_padding__hover=\u00bb|||\u00bb][et_pb_slider _builder_version=\u00bb3.19.17&#8243; header_font=\u00bb|800|||||||\u00bb header_text_align=\u00bbleft\u00bb body_font=\u00bb||||||||\u00bb body_text_align=\u00bbleft\u00bb body_font_size=\u00bb32px\u00bb custom_margin_tablet=\u00bb\u00bb custom_margin_phone=\u00bb|||\u00bb custom_margin_last_edited=\u00bbon|phone\u00bb custom_padding=\u00bb180px||180px||false\u00bb custom_padding_tablet=\u00bb\u00bb custom_padding_phone=\u00bb93px||93px||true\u00bb custom_padding_last_edited=\u00bbon|phone\u00bb auto=\u00bbon\u00bb auto_speed=\u00bb5000&#8243; header_font_size_tablet=\u00bb\u00bb header_font_size_phone=\u00bb30px\u00bb header_font_size_last_edited=\u00bbon|phone\u00bb body_font_size_tablet=\u00bb\u00bb body_font_size_phone=\u00bb20px\u00bb body_font_size_last_edited=\u00bbon|phone\u00bb][et_pb_slide heading=\u00bbInstalaciones El\u00e9ctricas\u00bb image=\u00bbhttps:\/\/www.gruasymantenimientos.com\/site\/wp-content\/uploads\/2019\/02\/power-cord.svg\u00bb _builder_version=\u00bb3.19.17&#8243; header_font=\u00bb|800|||||||\u00bb header_text_align=\u00bbleft\u00bb background_color=\u00bb#0c71c3&#8243; background_image=\u00bbhttps:\/\/www.gruasymantenimientos.com\/site\/wp-content\/uploads\/2019\/02\/electricidad.jpg\u00bb custom_css_slide_image=\u00bbwidth:128px;\u00bb]<\/p>\n<p>Residencial, Comercial e Industrial<\/p>\n<p>[\/et_pb_slide][et_pb_slide heading=\u00bbMantenimientos Preventivos &#8211; Correctivos\u00bb image=\u00bbhttps:\/\/www.gruasymantenimientos.com\/site\/wp-content\/uploads\/2019\/02\/repairing-service.svg\u00bb _builder_version=\u00bb3.19.17&#8243; header_font=\u00bb|800|||||||\u00bb header_text_align=\u00bbleft\u00bb background_color=\u00bb#0c71c3&#8243; background_image=\u00bbhttps:\/\/www.gruasymantenimientos.com\/site\/wp-content\/uploads\/2019\/02\/industrial.jpg\u00bb custom_css_slide_image=\u00bbwidth:128px;\u00bb]<\/p>\n<ul>\n<li>Gr\u00faas telesc\u00f3picas con canastilla de 19 y 13 metros<\/li>\n<li>Tijeras el\u00e9ctricas de 19 pies<\/li>\n<li>Cami\u00f3n Internacional caja de 26 pies (traslados locales)<\/li>\n<\/ul>\n<p>[\/et_pb_slide][\/et_pb_slider][\/et_pb_column][\/et_pb_row][\/et_pb_section][et_pb_section fb_built=\u00bb1&#8243; module_id=\u00bbnosotros\u00bb _builder_version=\u00bb3.22&#8243; custom_padding=\u00bb0|0px|0|0px|false|false\u00bb][et_pb_row use_custom_gutter=\u00bbon\u00bb gutter_width=\u00bb1&#8243; make_equal=\u00bbon\u00bb module_class=\u00bb et_pb_row_fullwidth\u00bb _builder_version=\u00bb3.25&#8243; background_color=\u00bb#274782&#8243; width=\u00bb100%\u00bb width_tablet=\u00bb100%\u00bb width_last_edited=\u00bbon|desktop\u00bb max_width=\u00bb100%\u00bb max_width_tablet=\u00bb100%\u00bb max_width_last_edited=\u00bbon|desktop\u00bb module_alignment=\u00bbcenter\u00bb custom_padding=\u00bb0|0px|0|0px|false|false\u00bb make_fullwidth=\u00bbon\u00bb column_structure=\u00bb1_2,1_2&#8243;][et_pb_column type=\u00bb1_2&#8243; _builder_version=\u00bb3.25&#8243; custom_padding=\u00bb|||\u00bb custom_padding__hover=\u00bb|||\u00bb][et_pb_blurb title=\u00bbGr\u00faas y Mantenimientos Guerrero\u00bb image=\u00bbhttps:\/\/www.gruasymantenimientos.com\/site\/wp-content\/uploads\/2019\/01\/favicon.png\u00bb image_max_width=\u00bb44%\u00bb _builder_version=\u00bb3.19.17&#8243; header_level=\u00bbh2&#8243; header_font=\u00bb|||on|||||\u00bb header_text_align=\u00bbcenter\u00bb header_text_color=\u00bb#ffffff\u00bb body_font=\u00bb||||||||\u00bb body_text_align=\u00bbjustify\u00bb body_text_color=\u00bb#7ccbe0&#8243; body_font_size=\u00bb18px\u00bb custom_margin=\u00bb40px||40px||true\u00bb custom_margin_tablet=\u00bb\u00bb custom_margin_phone=\u00bb|20px||20px||true\u00bb custom_margin_last_edited=\u00bbon|phone\u00bb]<\/p>\n<p>Es una empresa que se dedica a dar servicio profesional en las instalaciones el\u00e9ctricas de tipo Residencial, Comercial e Industrial. Adem\u00e1s brindamos mantenimientos preventivos y correctivos con personal especializado y equipo propio.<\/p>\n<p>Somos una empresa que busca exceder las expectativas de nuestros clientes, procurando un servicio de calidad.<\/p>\n<p>&nbsp;<\/p>\n<p>[\/et_pb_blurb][\/et_pb_column][et_pb_column type=\u00bb1_2&#8243; _builder_version=\u00bb3.25&#8243; background_image=\u00bbhttps:\/\/www.gruasymantenimientos.com\/site\/wp-content\/uploads\/2019\/02\/gmg3.jpg\u00bb custom_padding=\u00bb|||\u00bb custom_padding__hover=\u00bb|||\u00bb][\/et_pb_column][\/et_pb_row][\/et_pb_section][et_pb_section fb_built=\u00bb1&#8243; _builder_version=\u00bb3.22&#8243; custom_padding=\u00bb0|0px|0|0px|false|false\u00bb][et_pb_row use_custom_gutter=\u00bbon\u00bb gutter_width=\u00bb1&#8243; make_equal=\u00bbon\u00bb module_class=\u00bb et_pb_row_fullwidth\u00bb _builder_version=\u00bb3.25&#8243; background_color=\u00bb#1b7bb6&#8243; width=\u00bb100%\u00bb width_tablet=\u00bb100%\u00bb width_last_edited=\u00bbon|desktop\u00bb max_width=\u00bb100%\u00bb max_width_tablet=\u00bb100%\u00bb max_width_last_edited=\u00bbon|desktop\u00bb module_alignment=\u00bbcenter\u00bb custom_padding=\u00bb0|0px|0|0px|false|false\u00bb make_fullwidth=\u00bbon\u00bb column_structure=\u00bb1_2,1_2&#8243;][et_pb_column type=\u00bb1_2&#8243; _builder_version=\u00bb3.25&#8243; background_image=\u00bbhttps:\/\/www.gruasymantenimientos.com\/site\/wp-content\/uploads\/2019\/02\/gmg7.jpg\u00bb custom_padding=\u00bb|||\u00bb custom_padding__hover=\u00bb|||\u00bb][\/et_pb_column][et_pb_column type=\u00bb1_2&#8243; _builder_version=\u00bb3.25&#8243; background_color=\u00bb#1b7bb6&#8243; custom_padding=\u00bb|||\u00bb custom_padding__hover=\u00bb|||\u00bb][et_pb_blurb title=\u00bbMISI\u00d3N Y Visi\u00f3n\u00bb use_icon=\u00bbon\u00bb font_icon=\u00bb%%49%%\u00bb icon_color=\u00bb#ffffff\u00bb _builder_version=\u00bb3.19.17&#8243; header_level=\u00bbh2&#8243; header_font=\u00bb|||on|||||\u00bb header_text_align=\u00bbcenter\u00bb header_text_color=\u00bb#ffffff\u00bb body_font=\u00bb||||||||\u00bb body_text_align=\u00bbjustify\u00bb body_text_color=\u00bb#ffffff\u00bb body_font_size=\u00bb18px\u00bb custom_margin=\u00bb84px||84px||true\u00bb custom_margin_tablet=\u00bb\u00bb custom_margin_phone=\u00bb50px|20px|50px|20px|true|true\u00bb custom_margin_last_edited=\u00bbon|phone\u00bb]<\/p>\n<p><strong>Misi\u00f3n:<\/strong><\/p>\n<p>Ser una empresa reconocida por la calidad de su servicio y en constante expansi\u00f3n.<\/p>\n<p><strong>Visi\u00f3n:<\/strong><\/p>\n<p>Lograr consolidar una empresa con presencia en diferentes ciudades del pa\u00eds en el servicio integral de mantenimiento residencial, comercial e industrial.<\/p>\n<p>[\/et_pb_blurb][\/et_pb_column][\/et_pb_row][\/et_pb_section][et_pb_section fb_built=\u00bb1&#8243; module_id=\u00bbservicios\u00bb _builder_version=\u00bb3.22&#8243; custom_padding=\u00bb0|0px|0|0px|false|false\u00bb][et_pb_row use_custom_gutter=\u00bbon\u00bb gutter_width=\u00bb1&#8243; make_equal=\u00bbon\u00bb module_class=\u00bb et_pb_row_fullwidth\u00bb _builder_version=\u00bb3.25&#8243; background_color=\u00bb#274782&#8243; width=\u00bb100%\u00bb width_tablet=\u00bb100%\u00bb width_last_edited=\u00bbon|desktop\u00bb max_width=\u00bb100%\u00bb max_width_tablet=\u00bb100%\u00bb max_width_last_edited=\u00bbon|desktop\u00bb module_alignment=\u00bbcenter\u00bb custom_padding=\u00bb0|0px|0|0px|false|false\u00bb make_fullwidth=\u00bbon\u00bb column_structure=\u00bb1_3,1_3,1_3&#8243;][et_pb_column type=\u00bb1_3&#8243; _builder_version=\u00bb3.25&#8243; custom_padding=\u00bb|||\u00bb custom_padding__hover=\u00bb|||\u00bb][et_pb_blurb title=\u00bbAlumbrado P\u00fablico\u00bb image=\u00bbhttps:\/\/www.gruasymantenimientos.com\/site\/wp-content\/uploads\/2019\/02\/icon-alumbrado.jpg\u00bb image_max_width=\u00bb50%\u00bb module_class=\u00bbcircular\u00bb _builder_version=\u00bb3.19.17&#8243; header_level=\u00bbh2&#8243; header_font=\u00bb|||on|||||\u00bb header_text_align=\u00bbcenter\u00bb header_text_color=\u00bb#ffffff\u00bb body_font=\u00bb||||||||\u00bb body_text_align=\u00bbcenter\u00bb body_text_color=\u00bb#7ccbe0&#8243; body_font_size=\u00bb18px\u00bb custom_margin=\u00bb40px|20px|40px|20px|true|true\u00bb custom_margin_tablet=\u00bb\u00bb custom_margin_phone=\u00bb|20px||20px||true\u00bb custom_margin_last_edited=\u00bbon|phone\u00bb]<\/p>\n<p>Venta, Mantenimiento e Instalaci\u00f3n<\/p>\n<p>[\/et_pb_blurb][\/et_pb_column][et_pb_column type=\u00bb1_3&#8243; _builder_version=\u00bb3.25&#8243; custom_padding=\u00bb|||\u00bb custom_padding__hover=\u00bb|||\u00bb][et_pb_blurb title=\u00bbManiobras\u00bb image=\u00bbhttps:\/\/www.gruasymantenimientos.com\/site\/wp-content\/uploads\/2019\/02\/icon-maniobras.jpg\u00bb image_max_width=\u00bb50%\u00bb module_class=\u00bbcircular\u00bb _builder_version=\u00bb3.19.17&#8243; header_level=\u00bbh2&#8243; header_font=\u00bb|||on|||||\u00bb header_text_align=\u00bbcenter\u00bb header_text_color=\u00bb#ffffff\u00bb body_font=\u00bb||||||||\u00bb body_text_align=\u00bbcenter\u00bb body_text_color=\u00bb#7ccbe0&#8243; body_font_size=\u00bb18px\u00bb custom_margin=\u00bb40px|20px|40px|20px|true|true\u00bb custom_margin_tablet=\u00bb\u00bb custom_margin_phone=\u00bb|20px||20px||true\u00bb custom_margin_last_edited=\u00bbon|phone\u00bb]<\/p>\n<p>Calefacciones, Aire acondicionado, Tanques de agua y Gas<\/p>\n<p>[\/et_pb_blurb][\/et_pb_column][et_pb_column type=\u00bb1_3&#8243; _builder_version=\u00bb3.25&#8243; custom_padding=\u00bb|||\u00bb custom_padding__hover=\u00bb|||\u00bb][et_pb_blurb title=\u00bbAnuncios Luminosos\u00bb image=\u00bbhttps:\/\/www.gruasymantenimientos.com\/site\/wp-content\/uploads\/2019\/02\/icon-anuncios.jpg\u00bb image_max_width=\u00bb50%\u00bb module_class=\u00bbcircular\u00bb _builder_version=\u00bb3.19.17&#8243; header_level=\u00bbh2&#8243; header_font=\u00bb|||on|||||\u00bb header_text_align=\u00bbcenter\u00bb header_text_color=\u00bb#ffffff\u00bb body_font=\u00bb||||||||\u00bb body_text_align=\u00bbcenter\u00bb body_text_color=\u00bb#7ccbe0&#8243; body_font_size=\u00bb18px\u00bb custom_margin=\u00bb40px|20px|40px|20px|true|true\u00bb custom_margin_tablet=\u00bb\u00bb custom_margin_phone=\u00bb|20px||20px||true\u00bb custom_margin_last_edited=\u00bbon|phone\u00bb][\/et_pb_blurb][\/et_pb_column][\/et_pb_row][et_pb_row use_custom_gutter=\u00bbon\u00bb gutter_width=\u00bb1&#8243; make_equal=\u00bbon\u00bb module_class=\u00bb et_pb_row_fullwidth\u00bb _builder_version=\u00bb3.25&#8243; background_color=\u00bb#274782&#8243; width=\u00bb100%\u00bb width_tablet=\u00bb100%\u00bb width_last_edited=\u00bbon|desktop\u00bb max_width=\u00bb100%\u00bb max_width_tablet=\u00bb100%\u00bb max_width_last_edited=\u00bbon|desktop\u00bb module_alignment=\u00bbcenter\u00bb custom_padding=\u00bb0|0px|0|0px|false|false\u00bb make_fullwidth=\u00bbon\u00bb column_structure=\u00bb1_3,1_3,1_3&#8243;][et_pb_column type=\u00bb1_3&#8243; _builder_version=\u00bb3.25&#8243; custom_padding=\u00bb|||\u00bb custom_padding__hover=\u00bb|||\u00bb][et_pb_blurb title=\u00bbPodado de Palmeras\u00bb image=\u00bbhttps:\/\/www.gruasymantenimientos.com\/site\/wp-content\/uploads\/2019\/02\/icon-palmeras.jpg\u00bb image_max_width=\u00bb50%\u00bb module_class=\u00bbcircular\u00bb _builder_version=\u00bb3.19.17&#8243; header_level=\u00bbh2&#8243; header_font=\u00bb|||on|||||\u00bb header_text_align=\u00bbcenter\u00bb header_text_color=\u00bb#ffffff\u00bb body_font=\u00bb||||||||\u00bb body_text_align=\u00bbcenter\u00bb body_text_color=\u00bb#7ccbe0&#8243; body_font_size=\u00bb18px\u00bb custom_margin=\u00bb40px|20px|40px|20px|true|true\u00bb custom_margin_tablet=\u00bb\u00bb custom_margin_phone=\u00bb|20px||20px||true\u00bb custom_margin_last_edited=\u00bbon|phone\u00bb][\/et_pb_blurb][\/et_pb_column][et_pb_column type=\u00bb1_3&#8243; _builder_version=\u00bb3.25&#8243; custom_padding=\u00bb|||\u00bb custom_padding__hover=\u00bb|||\u00bb][et_pb_blurb title=\u00bbInstalaciones El\u00e9ctricas\u00bb image=\u00bbhttps:\/\/www.gruasymantenimientos.com\/site\/wp-content\/uploads\/2019\/02\/icon-electricidad.jpg\u00bb image_max_width=\u00bb50%\u00bb module_class=\u00bbcircular\u00bb _builder_version=\u00bb3.19.17&#8243; header_level=\u00bbh2&#8243; header_font=\u00bb|||on|||||\u00bb header_text_align=\u00bbcenter\u00bb header_text_color=\u00bb#ffffff\u00bb body_font=\u00bb||||||||\u00bb body_text_align=\u00bbcenter\u00bb body_text_color=\u00bb#7ccbe0&#8243; body_font_size=\u00bb18px\u00bb custom_margin=\u00bb40px||40px||true\u00bb custom_margin_tablet=\u00bb\u00bb custom_margin_phone=\u00bb|20px||20px||true\u00bb custom_margin_last_edited=\u00bbon|phone\u00bb]<\/p>\n<p>Residencial, Comercial e Industrial<\/p>\n<p>[\/et_pb_blurb][\/et_pb_column][et_pb_column type=\u00bb1_3&#8243; _builder_version=\u00bb3.25&#8243; custom_padding=\u00bb|||\u00bb custom_padding__hover=\u00bb|||\u00bb][et_pb_blurb title=\u00bbEquipo\u00bb image=\u00bbhttps:\/\/www.gruasymantenimientos.com\/site\/wp-content\/uploads\/2019\/02\/icon-grua.jpg\u00bb image_max_width=\u00bb50%\u00bb module_class=\u00bbcircular\u00bb _builder_version=\u00bb3.19.17&#8243; header_level=\u00bbh2&#8243; header_font=\u00bb|||on|||||\u00bb header_text_align=\u00bbcenter\u00bb header_text_color=\u00bb#ffffff\u00bb body_font=\u00bb||||||||\u00bb body_text_align=\u00bbleft\u00bb body_text_color=\u00bb#7ccbe0&#8243; body_font_size=\u00bb18px\u00bb custom_margin=\u00bb40px|20px|40px|20px|true|true\u00bb custom_margin_tablet=\u00bb\u00bb custom_margin_phone=\u00bb|20px||20px||true\u00bb custom_margin_last_edited=\u00bbon|phone\u00bb]<\/p>\n<p>Gr\u00faas Telesc\u00f3picas con canastilla de 19 mts<br \/> Gr\u00faas Telesc\u00f3picas con canastilla de 13 mts<br \/> Tijeras El\u00e9ctricas de 19 pies<br \/>Cami\u00f3n caja seca de 26 pies (traslados locales)<\/p>\n<p>[\/et_pb_blurb][\/et_pb_column][\/et_pb_row][\/et_pb_section][et_pb_section fb_built=\u00bb1&#8243; module_id=\u00bbgaleria\u00bb _builder_version=\u00bb3.22&#8243; background_color=\u00bb#0c71c3&#8243; custom_padding=\u00bb0|0px|0|0px|false|false\u00bb][et_pb_row use_custom_gutter=\u00bbon\u00bb gutter_width=\u00bb1&#8243; module_class=\u00bb et_pb_row_fullwidth\u00bb _builder_version=\u00bb3.25&#8243; width=\u00bb100%\u00bb width_tablet=\u00bb100%\u00bb width_last_edited=\u00bbon|desktop\u00bb max_width=\u00bb100%\u00bb max_width_tablet=\u00bb100%\u00bb max_width_last_edited=\u00bbon|desktop\u00bb custom_padding=\u00bb0|0px|0|0px|false|false\u00bb make_fullwidth=\u00bbon\u00bb][et_pb_column type=\u00bb4_4&#8243; _builder_version=\u00bb3.25&#8243; custom_padding=\u00bb|||\u00bb custom_padding__hover=\u00bb|||\u00bb][et_pb_gallery gallery_ids=\u00bb144,145,147,148,149,150,151,152,153,154,155,156,157,142,143,146,158,159,160,161,162,163,164,165,166,167,168,169,170,171,172,173,174,175,176,177,178,179&#8243; posts_number=\u00bb8&#8243; show_title_and_caption=\u00bboff\u00bb _builder_version=\u00bb3.19.17&#8243; pagination_font=\u00bb||||||||\u00bb pagination_text_color=\u00bb#ffffff\u00bb pagination_font_size=\u00bb28px\u00bb][\/et_pb_gallery][\/et_pb_column][\/et_pb_row][\/et_pb_section][et_pb_section fb_built=\u00bb1&#8243; module_id=\u00bbcontacto\u00bb _builder_version=\u00bb3.22&#8243; custom_padding=\u00bb0|0px|0|0px|false|false\u00bb][et_pb_row use_custom_gutter=\u00bbon\u00bb gutter_width=\u00bb1&#8243; make_equal=\u00bbon\u00bb module_class=\u00bb et_pb_row_fullwidth\u00bb _builder_version=\u00bb3.25&#8243; background_color=\u00bb#1b7bb6&#8243; width=\u00bb100%\u00bb width_tablet=\u00bb100%\u00bb width_last_edited=\u00bbon|desktop\u00bb max_width=\u00bb100%\u00bb max_width_tablet=\u00bb100%\u00bb max_width_last_edited=\u00bbon|desktop\u00bb module_alignment=\u00bbcenter\u00bb custom_padding=\u00bb0|0px|0|0px|false|false\u00bb make_fullwidth=\u00bbon\u00bb column_structure=\u00bb1_2,1_2&#8243;][et_pb_column type=\u00bb1_2&#8243; _builder_version=\u00bb3.25&#8243; background_image=\u00bbhttps:\/\/www.gruasymantenimientos.com\/site\/wp-content\/uploads\/2019\/02\/contacto.jpg\u00bb custom_padding=\u00bb|||\u00bb custom_padding__hover=\u00bb|||\u00bb][\/et_pb_column][et_pb_column type=\u00bb1_2&#8243; _builder_version=\u00bb3.25&#8243; background_color=\u00bb#1b7bb6&#8243; custom_padding=\u00bb|||\u00bb custom_padding__hover=\u00bb|||\u00bb][et_pb_blurb title=\u00bbCont\u00e1ctenos\u00bb use_icon=\u00bbon\u00bb font_icon=\u00bb%%238%%\u00bb icon_color=\u00bb#ffffff\u00bb use_icon_font_size=\u00bbon\u00bb icon_font_size=\u00bb53px\u00bb _builder_version=\u00bb3.19.17&#8243; header_level=\u00bbh2&#8243; header_font=\u00bb|||on|||||\u00bb header_text_align=\u00bbcenter\u00bb header_text_color=\u00bb#ffffff\u00bb body_font=\u00bb||||||||\u00bb body_text_align=\u00bbcenter\u00bb body_text_color=\u00bb#ffffff\u00bb body_font_size=\u00bb27px\u00bb custom_margin=\u00bb15px||15px||true\u00bb custom_margin_tablet=\u00bb\u00bb custom_margin_phone=\u00bb50px|20px|50px|20px|true|true\u00bb custom_margin_last_edited=\u00bbon|phone\u00bb link_option_url=\u00bbtel:6141601929&#8243;]<\/p>\n<p>Tel: (614) 160 1929<\/p>\n<p><span>Calle. 38 #4604, Col. Dale<\/span><br \/><span>31050 Chihuahua.<\/span><\/p>\n<p>[\/et_pb_blurb][et_pb_text _builder_version=\u00bb4.0.4&#8243; hover_enabled=\u00bb0&#8243;]\n<div class=\"wpcf7 no-js\" id=\"wpcf7-f192-o1\" lang=\"es-ES\" dir=\"ltr\">\n<div class=\"screen-reader-response\"><p role=\"status\" aria-live=\"polite\" aria-atomic=\"true\"><\/p> <ul><\/ul><\/div>\n<form action=\"\/index.php\/wp-json\/wp\/v2\/pages\/16#wpcf7-f192-o1\" method=\"post\" class=\"wpcf7-form init\" aria-label=\"Formulario de contacto\" novalidate=\"novalidate\" data-status=\"init\">\n<div style=\"display: none;\">\n<input type=\"hidden\" name=\"_wpcf7\" value=\"192\" \/>\n<input type=\"hidden\" name=\"_wpcf7_version\" value=\"5.7.7\" \/>\n<input type=\"hidden\" name=\"_wpcf7_locale\" value=\"es_ES\" \/>\n<input type=\"hidden\" name=\"_wpcf7_unit_tag\" value=\"wpcf7-f192-o1\" \/>\n<input type=\"hidden\" name=\"_wpcf7_container_post\" value=\"0\" \/>\n<input type=\"hidden\" name=\"_wpcf7_posted_data_hash\" value=\"\" \/>\n<input type=\"hidden\" name=\"_wpcf7_recaptcha_response\" value=\"\" \/>\n<\/div>\n<div id=\"responsive-form\" class=\"clearfix\">\n\t<div class=\"form-row\">\n\t\t<div class=\"column-full\">\n\t\t\t<p><span class=\"wpcf7-form-control-wrap\" data-name=\"nombre\"><input size=\"40\" class=\"wpcf7-form-control wpcf7-text wpcf7-validates-as-required\" aria-required=\"true\" aria-invalid=\"false\" placeholder=\"*Nombre\" value=\"\" type=\"text\" name=\"nombre\" \/><\/span>\n\t\t\t<\/p>\n\t\t<\/div>\n\t<\/div>\n\t<div class=\"form-row\">\n\t\t<div class=\"column-half\">\n\t\t\t<p><span class=\"wpcf7-form-control-wrap\" data-name=\"email\"><input size=\"40\" class=\"wpcf7-form-control wpcf7-text wpcf7-email wpcf7-validates-as-required wpcf7-validates-as-email\" aria-required=\"true\" aria-invalid=\"false\" placeholder=\"*E-Mail\" value=\"\" type=\"email\" name=\"email\" \/><\/span>\n\t\t\t<\/p>\n\t\t<\/div>\n\t\t<div class=\"column-half\">\n\t\t\t<p><span class=\"wpcf7-form-control-wrap\" data-name=\"telefono\"><input size=\"40\" class=\"wpcf7-form-control wpcf7-text\" aria-invalid=\"false\" placeholder=\"Tel\u00e9fono\" value=\"\" type=\"text\" name=\"telefono\" \/><\/span>\n\t\t\t<\/p>\n\t\t<\/div>\n\t<\/div>\n\t<div class=\"form-row\">\n\t\t<div class=\"column-full\">\n\t\t\t<p><span class=\"wpcf7-form-control-wrap\" data-name=\"mensaje\"><textarea cols=\"40\" rows=\"10\" class=\"wpcf7-form-control wpcf7-textarea\" aria-invalid=\"false\" placeholder=\"Mensaje\" name=\"mensaje\"><\/textarea><\/span>\n\t\t\t<\/p>\n\t\t<\/div>\n\t<\/div>\n\t<div class=\"form-row\">\n\t\t<div class=\"column-full\">\n\t\t\t<p><input class=\"wpcf7-form-control has-spinner wpcf7-submit\" type=\"submit\" value=\"Enviar\" \/>\n\t\t\t<\/p>\n\t\t<\/div>\n\t<\/div>\n<\/div><div class=\"wpcf7-response-output\" aria-hidden=\"true\"><\/div>\n<\/form>\n<\/div>\n[\/et_pb_text][\/et_pb_column][\/et_pb_row][\/et_pb_section][et_pb_section fb_built=\u00bb1&#8243; _builder_version=\u00bb3.22&#8243; custom_padding=\u00bb0|0px|0|0px|false|false\u00bb][et_pb_row use_custom_gutter=\u00bbon\u00bb gutter_width=\u00bb1&#8243; make_equal=\u00bbon\u00bb module_class=\u00bb et_pb_row_fullwidth\u00bb _builder_version=\u00bb3.25&#8243; background_color=\u00bb#1b7bb6&#8243; width=\u00bb100%\u00bb width_tablet=\u00bb100%\u00bb width_last_edited=\u00bbon|desktop\u00bb max_width=\u00bb100%\u00bb max_width_tablet=\u00bb100%\u00bb max_width_last_edited=\u00bbon|desktop\u00bb module_alignment=\u00bbcenter\u00bb custom_padding=\u00bb0|0px|0|0px|false|false\u00bb make_fullwidth=\u00bbon\u00bb][et_pb_column type=\u00bb4_4&#8243; _builder_version=\u00bb3.25&#8243; custom_padding=\u00bb|||\u00bb custom_padding__hover=\u00bb|||\u00bb][et_pb_code _builder_version=\u00bb3.19.17&#8243;]<iframe loading=\"lazy\" src=\"https:\/\/www.google.com\/maps\/embed?pb=!1m18!1m12!1m3!1d6119.368251766343!2d-106.07037836176103!3d28.61494103805215!2m3!1f0!2f0!3f0!3m2!1i1024!2i768!4f13.1!3m3!1m2!1s0x0%3A0x0!2zMjjCsDM2JzUwLjQiTiAxMDbCsDAzJzU5LjUiVw!5e0!3m2!1ses-419!2smx!4v1550963224551\" width=\"100%\" height=\"450\" frameborder=\"0\" style=\"border:0\" allowfullscreen><\/iframe>[\/et_pb_code][\/et_pb_column][\/et_pb_row][\/et_pb_section]<\/p>\n","protected":false},"excerpt":{"rendered":"<p>Residencial, Comercial e Industrial Gr\u00faas telesc\u00f3picas con canastilla de 19 y 13 metros Tijeras el\u00e9ctricas de 19 pies Cami\u00f3n Internacional caja de 26 pies (traslados locales) Es una empresa que se dedica a dar servicio profesional en las instalaciones el\u00e9ctricas de tipo Residencial, Comercial e Industrial. Adem\u00e1s brindamos mantenimientos preventivos y correctivos con personal especializado [&hellip;]<\/p>\n","protected":false},"author":1,"featured_media":0,"parent":0,"menu_order":0,"comment_status":"closed","ping_status":"closed","template":"","meta":{"_et_pb_use_builder":"on","_et_pb_old_content":"","_et_gb_content_width":"","inline_featured_image":false},"_links":{"self":[{"href":"https:\/\/www.gruasymantenimientos.com\/index.php\/wp-json\/wp\/v2\/pages\/16"}],"collection":[{"href":"https:\/\/www.gruasymantenimientos.com\/index.php\/wp-json\/wp\/v2\/pages"}],"about":[{"href":"https:\/\/www.gruasymantenimientos.com\/index.php\/wp-json\/wp\/v2\/types\/page"}],"author":[{"embeddable":true,"href":"https:\/\/www.gruasymantenimientos.com\/index.php\/wp-json\/wp\/v2\/users\/1"}],"replies":[{"embeddable":true,"href":"https:\/\/www.gruasymantenimientos.com\/index.php\/wp-json\/wp\/v2\/comments?post=16"}],"version-history":[{"count":44,"href":"https:\/\/www.gruasymantenimientos.com\/index.php\/wp-json\/wp\/v2\/pages\/16\/revisions"}],"predecessor-version":[{"id":195,"href":"https:\/\/www.gruasymantenimientos.com\/index.php\/wp-json\/wp\/v2\/pages\/16\/revisions\/195"}],"wp:attachment":[{"href":"https:\/\/www.gruasymantenimientos.com\/index.php\/wp-json\/wp\/v2\/media?parent=16"}],"curies":[{"name":"wp","href":"https:\/\/api.w.org\/{rel}","templated":true}]}}